{"id":852,"date":"2025-07-10T09:16:48","date_gmt":"2025-07-10T09:16:48","guid":{"rendered":"https:\/\/entrepreneurship.centre.ubbcluj.ro\/?page_id=852"},"modified":"2025-07-18T09:29:53","modified_gmt":"2025-07-18T09:29:53","slug":"cda-team-2","status":"publish","type":"page","link":"https:\/\/entrepreneurship.centre.ubbcluj.ro\/?page_id=852&lang=de","title":{"rendered":"CdA Team"},"content":{"rendered":"\t\t<div data-elementor-type=\"wp-page\" data-elementor-id=\"852\" class=\"elementor elementor-852\">\n\t\t\t\t<div class=\"elementor-element elementor-element-79449331 e-flex e-con-boxed e-con e-parent\" data-id=\"79449331\" data-element_type=\"container\">\n\t\t\t\t\t<div class=\"e-con-inner\">\n\t\t\t\t\t<\/div>\n\t\t\t\t<\/div>\n\t\t<div class=\"elementor-element elementor-element-79791817 e-flex e-con-boxed e-con e-parent\" data-id=\"79791817\" data-element_type=\"container\">\n\t\t\t\t\t<div class=\"e-con-inner\">\n\t\t<div class=\"elementor-element elementor-element-277c53e e-con-full e-flex e-con e-child\" data-id=\"277c53e\" data-element_type=\"container\">\n\t\t\t\t<div class=\"elementor-element elementor-element-2271777d elementor-widget elementor-widget-image\" data-id=\"2271777d\" data-element_type=\"widget\" data-widget_type=\"image.default\">\n\t\t\t\t\t\t\t\t\t\t\t\t\t\t\t<img fetchpriority=\"high\" decoding=\"async\" width=\"1024\" height=\"954\" src=\"https:\/\/entrepreneurship.centre.ubbcluj.ro\/wp-content\/uploads\/2025\/07\/Levente-Szasz-Photo-Site-CdA-1024x954.jpeg\" class=\"attachment-large size-large wp-image-1534\" alt=\"\" srcset=\"https:\/\/entrepreneurship.centre.ubbcluj.ro\/wp-content\/uploads\/2025\/07\/Levente-Szasz-Photo-Site-CdA-1024x954.jpeg 1024w, https:\/\/entrepreneurship.centre.ubbcluj.ro\/wp-content\/uploads\/2025\/07\/Levente-Szasz-Photo-Site-CdA-300x280.jpeg 300w, https:\/\/entrepreneurship.centre.ubbcluj.ro\/wp-content\/uploads\/2025\/07\/Levente-Szasz-Photo-Site-CdA-768x716.jpeg 768w, https:\/\/entrepreneurship.centre.ubbcluj.ro\/wp-content\/uploads\/2025\/07\/Levente-Szasz-Photo-Site-CdA.jpeg 1072w\" sizes=\"(max-width: 1024px) 100vw, 1024px\" \/>\t\t\t\t\t\t\t\t\t\t\t\t\t\t\t<\/div>\n\t\t\t\t<\/div>\n\t\t<div class=\"elementor-element elementor-element-740e3b13 e-con-full e-flex e-con e-child\" data-id=\"740e3b13\" data-element_type=\"container\">\n\t\t\t\t<div class=\"elementor-element elementor-element-4b0e93ad elementor-widget elementor-widget-text-editor\" data-id=\"4b0e93ad\" data-element_type=\"widget\" data-widget_type=\"text-editor.default\">\n\t\t\t\t\t\t\t\t\t<h3 class=\"MsoNormal\"><span style=\"color: #3e4bb8;\"><b>Levente SZ\u00c1SZ<\/b><\/span><\/h3><h5 class=\"MsoNormal\"><span style=\"color: #3e4bb8;\"><b>Prorektor f\u00fcr Unternehmertum und Qualit\u00e4tssicherung<\/b><\/span><\/h5><p class=\"MsoNormal\" style=\"text-align: left;\">Dr. Levente Sz\u00e1sz ist Prorektor f\u00fcr die ungarischsprachige Studienlinie an der Babe\u0219-Bolyai-Universit\u00e4t (UBB) in Klausenburg und verantwortet in seiner Leitungsfunktion die Bereiche Unternehmertum und Qualit\u00e4tssicherung. Als Universit\u00e4tsprofessor lehrt er an der Fakult\u00e4t f\u00fcr Wirtschaftswissenschaften und Unternehmensf\u00fchrung der UBB, vorwiegend im Bereich Unternehmensmanagement. Seine Forschung konzentriert sich auf die betriebliche Anwendung von Digitalisierung und Industrie 4.0-L\u00f6sungen. Zuvor war er \u00fcber acht Jahre lang Vizendekan der Fakult\u00e4t, zust\u00e4ndig f\u00fcr Unternehmenskooperationen, wissenschaftliche Forschung, Studierendenwettbewerbe und Stipendien. Er engagiert sich weiterhin aktiv in der Vorbereitung von Wirtschaftsstudierenden auf internationale Wettbewerbe. An der Universit\u00e4t er ist Initiator und Koordinator des Forschungsprojekts \u201eRomanian Economic Monitor\u201c, in dessen Rahmen er gemeinsam mit seinem Team aktuelle wirtschaftliche Fragestellungen analysiert und die Ergebnisse mithilfe moderner Datenvisualisierung verst\u00e4ndlich und \u00f6ffentlich zug\u00e4nglich aufbereitet.<\/p>\t\t\t\t\t\t\t\t<\/div>\n\t\t\t\t<\/div>\n\t\t\t\t\t<\/div>\n\t\t\t\t<\/div>\n\t\t<div class=\"elementor-element elementor-element-6605101 e-flex e-con-boxed e-con e-parent\" data-id=\"6605101\" data-element_type=\"container\">\n\t\t\t\t\t<div class=\"e-con-inner\">\n\t\t\t\t\t<\/div>\n\t\t\t\t<\/div>\n\t\t<div class=\"elementor-element elementor-element-5c3ab9d e-flex e-con-boxed e-con e-parent\" data-id=\"5c3ab9d\" data-element_type=\"container\">\n\t\t\t\t\t<div class=\"e-con-inner\">\n\t\t<div class=\"elementor-element elementor-element-093589e e-con-full e-flex e-con e-child\" data-id=\"093589e\" data-element_type=\"container\">\n\t\t\t\t<div class=\"elementor-element elementor-element-f3865e2 elementor-widget elementor-widget-image\" data-id=\"f3865e2\" data-element_type=\"widget\" data-widget_type=\"image.default\">\n\t\t\t\t\t\t\t\t\t\t\t\t\t\t\t<img decoding=\"async\" width=\"1024\" height=\"1024\" src=\"https:\/\/entrepreneurship.centre.ubbcluj.ro\/wp-content\/uploads\/2025\/07\/istvan11-1024x1024.png\" class=\"attachment-large size-large wp-image-1545\" alt=\"\" srcset=\"https:\/\/entrepreneurship.centre.ubbcluj.ro\/wp-content\/uploads\/2025\/07\/istvan11-1024x1024.png 1024w, https:\/\/entrepreneurship.centre.ubbcluj.ro\/wp-content\/uploads\/2025\/07\/istvan11-300x300.png 300w, https:\/\/entrepreneurship.centre.ubbcluj.ro\/wp-content\/uploads\/2025\/07\/istvan11-150x150.png 150w, https:\/\/entrepreneurship.centre.ubbcluj.ro\/wp-content\/uploads\/2025\/07\/istvan11-768x768.png 768w, https:\/\/entrepreneurship.centre.ubbcluj.ro\/wp-content\/uploads\/2025\/07\/istvan11-600x600.png 600w, https:\/\/entrepreneurship.centre.ubbcluj.ro\/wp-content\/uploads\/2025\/07\/istvan11.png 1365w\" sizes=\"(max-width: 1024px) 100vw, 1024px\" \/>\t\t\t\t\t\t\t\t\t\t\t\t\t\t\t<\/div>\n\t\t\t\t<\/div>\n\t\t<div class=\"elementor-element elementor-element-840757a e-con-full e-flex e-con e-child\" data-id=\"840757a\" data-element_type=\"container\">\n\t\t\t\t<div class=\"elementor-element elementor-element-e6b28db elementor-widget elementor-widget-text-editor\" data-id=\"e6b28db\" data-element_type=\"widget\" data-widget_type=\"text-editor.default\">\n\t\t\t\t\t\t\t\t\t<h3><strong><span style=\"color: #3e4bb8;\">Istv\u00e1n PAP<\/span><\/strong><\/h3><h5><strong><span style=\"color: #3e4bb8;\">Beauftragter f\u00fcr Unternehmertum am Zentrum f\u00fcr Unternehmertum der UBB<\/span><\/strong><\/h5><p>Istv\u00e1n PAP ist ein ergebnisorientierter Fachmann mit interdisziplin\u00e4rer Erfahrung in den Bereichen Unternehmertum, Technologietransfer, wissenschaftliche Forschung, IT und Projektmanagement. Als Beauftragter f\u00fcr Unternehmertum koordiniert er die Aktivit\u00e4ten des Zentrums f\u00fcr Unternehmertum der Babe\u0219-Bolyai Universit\u00e4t und tr\u00e4gt dazu bei, Ideen in tragf\u00e4hige Initiativen umzusetzen sowie diese mit realen Finanzierungsquellen, Fachwissen und Marktzug\u00e4ngen zu verbinden. Er absolvierte Exzellenzprogramme im Bereich Unternehmertum am Babson College (Boston, USA), im Rahmen des EUTOPIA-Netzwerks (Schweden) sowie Fachkurse an der Babe\u0219-Bolyai Universit\u00e4t. Er hat nationale und internationale Projekte geleitet, erhebliche F\u00f6rdermittel eingeworben und praktische Expertise in den Bereichen Innovation und Jugendf\u00f6rderung durch konkrete Initiativen eingebracht. Durch seine Arbeit unterst\u00fctzt Istv\u00e1n PAP den Aufbau eines inklusiven und nachhaltigen akademischen Unternehmertums, in dem Ideen zu realen Initiativen werden und Studierende, Mitarbeitende sowie Alumni der UBB konkrete Unterst\u00fctzung bei der Umsetzung ihrer Vision erhalten.<\/p>\t\t\t\t\t\t\t\t<\/div>\n\t\t\t\t<\/div>\n\t\t\t\t\t<\/div>\n\t\t\t\t<\/div>\n\t\t\t\t<\/div>\n\t\t","protected":false},"excerpt":{"rendered":"<p>Levente SZ\u00c1SZ Prorektor f\u00fcr Unternehmertum und Qualit\u00e4tssicherung Dr. Levente Sz\u00e1sz ist Prorektor f\u00fcr die ungarischsprachige Studienlinie an der Babe\u0219-Bolyai-Universit\u00e4t (UBB) in Klausenburg und verantwortet in seiner Leitungsfunktion die Bereiche Unternehmertum und Qualit\u00e4tssicherung. Als Universit\u00e4tsprofessor lehrt er an der Fakult\u00e4t f\u00fcr Wirtschaftswissenschaften und Unternehmensf\u00fchrung der UBB, vorwiegend im Bereich Unternehmensmanagement. Seine Forschung konzentriert sich auf die [&hellip;]<\/p>\n","protected":false},"author":1,"featured_media":0,"parent":0,"menu_order":0,"comment_status":"closed","ping_status":"closed","template":"elementor_header_footer","meta":{"footnotes":""},"class_list":["post-852","page","type-page","status-publish","hentry","entry"],"yoast_head":"<!-- This site is optimized with the Yoast SEO plugin v25.7 - https:\/\/yoast.com\/wordpress\/plugins\/seo\/ -->\n<title>CdA Team - Centrul de Antreprenoriat\u00a0UBB<\/title>\n<meta name=\"robots\" content=\"index, follow, max-snippet:-1, max-image-preview:large, max-video-preview:-1\" \/>\n<link rel=\"canonical\" href=\"https:\/\/entrepreneurship.centre.ubbcluj.ro\/?page_id=852&lang=de\" \/>\n<meta property=\"og:locale\" content=\"en_US\" \/>\n<meta property=\"og:type\" content=\"article\" \/>\n<meta property=\"og:title\" content=\"CdA Team - Centrul de Antreprenoriat\u00a0UBB\" \/>\n<meta property=\"og:description\" content=\"Levente SZ\u00c1SZ Prorektor f\u00fcr Unternehmertum und Qualit\u00e4tssicherung Dr. Levente Sz\u00e1sz ist Prorektor f\u00fcr die ungarischsprachige Studienlinie an der Babe\u0219-Bolyai-Universit\u00e4t (UBB) in Klausenburg und verantwortet in seiner Leitungsfunktion die Bereiche Unternehmertum und Qualit\u00e4tssicherung. Als Universit\u00e4tsprofessor lehrt er an der Fakult\u00e4t f\u00fcr Wirtschaftswissenschaften und Unternehmensf\u00fchrung der UBB, vorwiegend im Bereich Unternehmensmanagement. Seine Forschung konzentriert sich auf die [&hellip;]\" \/>\n<meta property=\"og:url\" content=\"https:\/\/entrepreneurship.centre.ubbcluj.ro\/?page_id=852&amp;lang=de\" \/>\n<meta property=\"og:site_name\" content=\"Centrul de Antreprenoriat\u00a0UBB\" \/>\n<meta property=\"article:modified_time\" content=\"2025-07-18T09:29:53+00:00\" \/>\n<meta property=\"og:image\" content=\"https:\/\/entrepreneurship.centre.ubbcluj.ro\/wp-content\/uploads\/2025\/07\/Levente-Szasz-Photo-Site-CdA.jpeg\" \/>\n\t<meta property=\"og:image:width\" content=\"1072\" \/>\n\t<meta property=\"og:image:height\" content=\"999\" \/>\n\t<meta property=\"og:image:type\" content=\"image\/jpeg\" \/>\n<meta name=\"twitter:card\" content=\"summary_large_image\" \/>\n<meta name=\"twitter:label1\" content=\"Est. reading time\" \/>\n\t<meta name=\"twitter:data1\" content=\"2 minutes\" \/>\n<script type=\"application\/ld+json\" class=\"yoast-schema-graph\">{\"@context\":\"https:\/\/schema.org\",\"@graph\":[{\"@type\":\"WebPage\",\"@id\":\"https:\/\/entrepreneurship.centre.ubbcluj.ro\/?page_id=852&lang=de\",\"url\":\"https:\/\/entrepreneurship.centre.ubbcluj.ro\/?page_id=852&lang=de\",\"name\":\"CdA Team - Centrul de Antreprenoriat\u00a0UBB\",\"isPartOf\":{\"@id\":\"https:\/\/entrepreneurship.centre.ubbcluj.ro\/#website\"},\"primaryImageOfPage\":{\"@id\":\"https:\/\/entrepreneurship.centre.ubbcluj.ro\/?page_id=852&lang=de#primaryimage\"},\"image\":{\"@id\":\"https:\/\/entrepreneurship.centre.ubbcluj.ro\/?page_id=852&lang=de#primaryimage\"},\"thumbnailUrl\":\"https:\/\/entrepreneurship.centre.ubbcluj.ro\/wp-content\/uploads\/2025\/07\/Levente-Szasz-Photo-Site-CdA-1024x954.jpeg\",\"datePublished\":\"2025-07-10T09:16:48+00:00\",\"dateModified\":\"2025-07-18T09:29:53+00:00\",\"breadcrumb\":{\"@id\":\"https:\/\/entrepreneurship.centre.ubbcluj.ro\/?page_id=852&lang=de#breadcrumb\"},\"inLanguage\":\"en-US\",\"potentialAction\":[{\"@type\":\"ReadAction\",\"target\":[\"https:\/\/entrepreneurship.centre.ubbcluj.ro\/?page_id=852&lang=de\"]}]},{\"@type\":\"ImageObject\",\"inLanguage\":\"en-US\",\"@id\":\"https:\/\/entrepreneurship.centre.ubbcluj.ro\/?page_id=852&lang=de#primaryimage\",\"url\":\"https:\/\/entrepreneurship.centre.ubbcluj.ro\/wp-content\/uploads\/2025\/07\/Levente-Szasz-Photo-Site-CdA.jpeg\",\"contentUrl\":\"https:\/\/entrepreneurship.centre.ubbcluj.ro\/wp-content\/uploads\/2025\/07\/Levente-Szasz-Photo-Site-CdA.jpeg\",\"width\":1072,\"height\":999},{\"@type\":\"BreadcrumbList\",\"@id\":\"https:\/\/entrepreneurship.centre.ubbcluj.ro\/?page_id=852&lang=de#breadcrumb\",\"itemListElement\":[{\"@type\":\"ListItem\",\"position\":1,\"name\":\"Home\",\"item\":\"https:\/\/entrepreneurship.centre.ubbcluj.ro\/\"},{\"@type\":\"ListItem\",\"position\":2,\"name\":\"CdA Team\"}]},{\"@type\":\"WebSite\",\"@id\":\"https:\/\/entrepreneurship.centre.ubbcluj.ro\/#website\",\"url\":\"https:\/\/entrepreneurship.centre.ubbcluj.ro\/\",\"name\":\"Centrul de Antreprenoriat\u00a0UBB\",\"description\":\"\",\"publisher\":{\"@id\":\"https:\/\/entrepreneurship.centre.ubbcluj.ro\/#organization\"},\"potentialAction\":[{\"@type\":\"SearchAction\",\"target\":{\"@type\":\"EntryPoint\",\"urlTemplate\":\"https:\/\/entrepreneurship.centre.ubbcluj.ro\/?s={search_term_string}\"},\"query-input\":{\"@type\":\"PropertyValueSpecification\",\"valueRequired\":true,\"valueName\":\"search_term_string\"}}],\"inLanguage\":\"en-US\"},{\"@type\":\"Organization\",\"@id\":\"https:\/\/entrepreneurship.centre.ubbcluj.ro\/#organization\",\"name\":\"Centrul de Antreprenoriat\u00a0UBB\",\"url\":\"https:\/\/entrepreneurship.centre.ubbcluj.ro\/\",\"logo\":{\"@type\":\"ImageObject\",\"inLanguage\":\"en-US\",\"@id\":\"https:\/\/entrepreneurship.centre.ubbcluj.ro\/#\/schema\/logo\/image\/\",\"url\":\"https:\/\/entrepreneurship.centre.ubbcluj.ro\/wp-content\/uploads\/2025\/05\/CdA-LOGO-RO.png\",\"contentUrl\":\"https:\/\/entrepreneurship.centre.ubbcluj.ro\/wp-content\/uploads\/2025\/05\/CdA-LOGO-RO.png\",\"width\":1563,\"height\":482,\"caption\":\"Centrul de Antreprenoriat\u00a0UBB\"},\"image\":{\"@id\":\"https:\/\/entrepreneurship.centre.ubbcluj.ro\/#\/schema\/logo\/image\/\"}}]}<\/script>\n<!-- \/ Yoast SEO plugin. -->","yoast_head_json":{"title":"CdA Team - Centrul de Antreprenoriat\u00a0UBB","robots":{"index":"index","follow":"follow","max-snippet":"max-snippet:-1","max-image-preview":"max-image-preview:large","max-video-preview":"max-video-preview:-1"},"canonical":"https:\/\/entrepreneurship.centre.ubbcluj.ro\/?page_id=852&lang=de","og_locale":"en_US","og_type":"article","og_title":"CdA Team - Centrul de Antreprenoriat\u00a0UBB","og_description":"Levente SZ\u00c1SZ Prorektor f\u00fcr Unternehmertum und Qualit\u00e4tssicherung Dr. Levente Sz\u00e1sz ist Prorektor f\u00fcr die ungarischsprachige Studienlinie an der Babe\u0219-Bolyai-Universit\u00e4t (UBB) in Klausenburg und verantwortet in seiner Leitungsfunktion die Bereiche Unternehmertum und Qualit\u00e4tssicherung. Als Universit\u00e4tsprofessor lehrt er an der Fakult\u00e4t f\u00fcr Wirtschaftswissenschaften und Unternehmensf\u00fchrung der UBB, vorwiegend im Bereich Unternehmensmanagement. Seine Forschung konzentriert sich auf die [&hellip;]","og_url":"https:\/\/entrepreneurship.centre.ubbcluj.ro\/?page_id=852&lang=de","og_site_name":"Centrul de Antreprenoriat\u00a0UBB","article_modified_time":"2025-07-18T09:29:53+00:00","og_image":[{"width":1072,"height":999,"url":"https:\/\/entrepreneurship.centre.ubbcluj.ro\/wp-content\/uploads\/2025\/07\/Levente-Szasz-Photo-Site-CdA.jpeg","type":"image\/jpeg"}],"twitter_card":"summary_large_image","twitter_misc":{"Est. reading time":"2 minutes"},"schema":{"@context":"https:\/\/schema.org","@graph":[{"@type":"WebPage","@id":"https:\/\/entrepreneurship.centre.ubbcluj.ro\/?page_id=852&lang=de","url":"https:\/\/entrepreneurship.centre.ubbcluj.ro\/?page_id=852&lang=de","name":"CdA Team - Centrul de Antreprenoriat\u00a0UBB","isPartOf":{"@id":"https:\/\/entrepreneurship.centre.ubbcluj.ro\/#website"},"primaryImageOfPage":{"@id":"https:\/\/entrepreneurship.centre.ubbcluj.ro\/?page_id=852&lang=de#primaryimage"},"image":{"@id":"https:\/\/entrepreneurship.centre.ubbcluj.ro\/?page_id=852&lang=de#primaryimage"},"thumbnailUrl":"https:\/\/entrepreneurship.centre.ubbcluj.ro\/wp-content\/uploads\/2025\/07\/Levente-Szasz-Photo-Site-CdA-1024x954.jpeg","datePublished":"2025-07-10T09:16:48+00:00","dateModified":"2025-07-18T09:29:53+00:00","breadcrumb":{"@id":"https:\/\/entrepreneurship.centre.ubbcluj.ro\/?page_id=852&lang=de#breadcrumb"},"inLanguage":"en-US","potentialAction":[{"@type":"ReadAction","target":["https:\/\/entrepreneurship.centre.ubbcluj.ro\/?page_id=852&lang=de"]}]},{"@type":"ImageObject","inLanguage":"en-US","@id":"https:\/\/entrepreneurship.centre.ubbcluj.ro\/?page_id=852&lang=de#primaryimage","url":"https:\/\/entrepreneurship.centre.ubbcluj.ro\/wp-content\/uploads\/2025\/07\/Levente-Szasz-Photo-Site-CdA.jpeg","contentUrl":"https:\/\/entrepreneurship.centre.ubbcluj.ro\/wp-content\/uploads\/2025\/07\/Levente-Szasz-Photo-Site-CdA.jpeg","width":1072,"height":999},{"@type":"BreadcrumbList","@id":"https:\/\/entrepreneurship.centre.ubbcluj.ro\/?page_id=852&lang=de#breadcrumb","itemListElement":[{"@type":"ListItem","position":1,"name":"Home","item":"https:\/\/entrepreneurship.centre.ubbcluj.ro\/"},{"@type":"ListItem","position":2,"name":"CdA Team"}]},{"@type":"WebSite","@id":"https:\/\/entrepreneurship.centre.ubbcluj.ro\/#website","url":"https:\/\/entrepreneurship.centre.ubbcluj.ro\/","name":"Centrul de Antreprenoriat\u00a0UBB","description":"","publisher":{"@id":"https:\/\/entrepreneurship.centre.ubbcluj.ro\/#organization"},"potentialAction":[{"@type":"SearchAction","target":{"@type":"EntryPoint","urlTemplate":"https:\/\/entrepreneurship.centre.ubbcluj.ro\/?s={search_term_string}"},"query-input":{"@type":"PropertyValueSpecification","valueRequired":true,"valueName":"search_term_string"}}],"inLanguage":"en-US"},{"@type":"Organization","@id":"https:\/\/entrepreneurship.centre.ubbcluj.ro\/#organization","name":"Centrul de Antreprenoriat\u00a0UBB","url":"https:\/\/entrepreneurship.centre.ubbcluj.ro\/","logo":{"@type":"ImageObject","inLanguage":"en-US","@id":"https:\/\/entrepreneurship.centre.ubbcluj.ro\/#\/schema\/logo\/image\/","url":"https:\/\/entrepreneurship.centre.ubbcluj.ro\/wp-content\/uploads\/2025\/05\/CdA-LOGO-RO.png","contentUrl":"https:\/\/entrepreneurship.centre.ubbcluj.ro\/wp-content\/uploads\/2025\/05\/CdA-LOGO-RO.png","width":1563,"height":482,"caption":"Centrul de Antreprenoriat\u00a0UBB"},"image":{"@id":"https:\/\/entrepreneurship.centre.ubbcluj.ro\/#\/schema\/logo\/image\/"}}]}},"rttpg_featured_image_url":null,"rttpg_author":{"display_name":"centru_antreprenor","author_link":"https:\/\/entrepreneurship.centre.ubbcluj.ro\/?author=1"},"rttpg_comment":0,"rttpg_category":" <a href=\"https:\/\/entrepreneurship.centre.ubbcluj.ro\/?lang=de\" rel=\"tag\">Deutsch<\/a>","rttpg_excerpt":"Levente SZ\u00c1SZ Prorektor f\u00fcr Unternehmertum und Qualit\u00e4tssicherung Dr. Levente Sz\u00e1sz ist Prorektor f\u00fcr die ungarischsprachige Studienlinie an der Babe\u0219-Bolyai-Universit\u00e4t (UBB) in Klausenburg und verantwortet in seiner Leitungsfunktion die Bereiche Unternehmertum und Qualit\u00e4tssicherung. Als Universit\u00e4tsprofessor lehrt er an der Fakult\u00e4t f\u00fcr Wirtschaftswissenschaften und Unternehmensf\u00fchrung der UBB, vorwiegend im Bereich Unternehmensmanagement. Seine Forschung konzentriert sich auf die&hellip;","_links":{"self":[{"href":"https:\/\/entrepreneurship.centre.ubbcluj.ro\/index.php?rest_route=\/wp\/v2\/pages\/852","targetHints":{"allow":["GET"]}}],"collection":[{"href":"https:\/\/entrepreneurship.centre.ubbcluj.ro\/index.php?rest_route=\/wp\/v2\/pages"}],"about":[{"href":"https:\/\/entrepreneurship.centre.ubbcluj.ro\/index.php?rest_route=\/wp\/v2\/types\/page"}],"author":[{"embeddable":true,"href":"https:\/\/entrepreneurship.centre.ubbcluj.ro\/index.php?rest_route=\/wp\/v2\/users\/1"}],"replies":[{"embeddable":true,"href":"https:\/\/entrepreneurship.centre.ubbcluj.ro\/index.php?rest_route=%2Fwp%2Fv2%2Fcomments&post=852"}],"version-history":[{"count":22,"href":"https:\/\/entrepreneurship.centre.ubbcluj.ro\/index.php?rest_route=\/wp\/v2\/pages\/852\/revisions"}],"predecessor-version":[{"id":1691,"href":"https:\/\/entrepreneurship.centre.ubbcluj.ro\/index.php?rest_route=\/wp\/v2\/pages\/852\/revisions\/1691"}],"wp:attachment":[{"href":"https:\/\/entrepreneurship.centre.ubbcluj.ro\/index.php?rest_route=%2Fwp%2Fv2%2Fmedia&parent=852"}],"curies":[{"name":"wp","href":"https:\/\/api.w.org\/{rel}","templated":true}]}}