{"id":1282,"date":"2025-07-14T09:19:09","date_gmt":"2025-07-14T09:19:09","guid":{"rendered":"https:\/\/entrepreneurship.centre.ubbcluj.ro\/?page_id=1282"},"modified":"2025-09-12T06:33:08","modified_gmt":"2025-09-12T06:33:08","slug":"beszelgessunk-az-otletedrol","status":"publish","type":"page","link":"https:\/\/entrepreneurship.centre.ubbcluj.ro\/?page_id=1282&lang=hu","title":{"rendered":"Besz\u00e9lgess\u00fcnk az \u00f6tletedr\u0151l!"},"content":{"rendered":"\n<p><\/p>\n\n\n\n<div class=\"wp-block-columns alignfull is-layout-flex wp-container-core-columns-is-layout-9d6595d7 wp-block-columns-is-layout-flex\">\n<div class=\"wp-block-column is-layout-flow wp-block-column-is-layout-flow\"><\/div>\n\n\n\n<div class=\"wp-block-column is-layout-flow wp-block-column-is-layout-flow\">\n<figure class=\"wp-block-image size-full\"><img fetchpriority=\"high\" decoding=\"async\" width=\"600\" height=\"400\" src=\"https:\/\/entrepreneurship.centre.ubbcluj.ro\/wp-content\/uploads\/2025\/07\/depositphotos_23185896-stock-photo-handshake-hand-holding-on-black.webp\" alt=\"\" class=\"wp-image-701\" style=\"object-fit:cover\" srcset=\"https:\/\/entrepreneurship.centre.ubbcluj.ro\/wp-content\/uploads\/2025\/07\/depositphotos_23185896-stock-photo-handshake-hand-holding-on-black.webp 600w, https:\/\/entrepreneurship.centre.ubbcluj.ro\/wp-content\/uploads\/2025\/07\/depositphotos_23185896-stock-photo-handshake-hand-holding-on-black-300x200.webp 300w\" sizes=\"(max-width: 600px) 100vw, 600px\" \/><\/figure>\n\n\n\n<p>Van egy \u00f6tleted? Vagy csak tiszt\u00e1bban szeretn\u00e9d l\u00e1tni a k\u00f6vetkez\u0151 l\u00e9p\u00e9seket? A Babe\u0219\u2013Bolyai Tudom\u00e1nyegyetem V\u00e1llalkoz\u00e1si K\u00f6zpontj\u00e1ban nyitott ajt\u00f3val \u00e9s napirattal v\u00e1runk egy \u0151szinte, gyakorlati \u00e9s szem\u00e9lyes besz\u00e9lget\u00e9sre a v\u00e1llalkoz\u00f3i j\u00f6v\u0151dr\u0151l.<\/p>\n\n\n\n<p>\ud83d\udccd Harmadik emelet, Jogtudom\u00e1nyi Kar, 316-os szoba.<\/p>\n\n\n\n<p>Seg\u00edts\u00e9get, ir\u00e1nymutat\u00e1st \u00e9s testreszabott forr\u00e1sokat k\u00edn\u00e1lunk, ak\u00e1r most indulsz el, ak\u00e1r m\u00e1r dolgozol az \u00f6tleteden.<\/p>\n\n\n\n<p>\u2615 Gyere el hozz\u00e1nk egy k\u00e1v\u00e9ra! Nem formalit\u00e1s. Csak egy val\u00f3s besz\u00e9lget\u00e9s az \u00e1lmodr\u00f3l.<\/p>\n\n\n\n<iframe width=\"640px\" height=\"1500px\" src=\"https:\/\/forms.office.com\/Pages\/ResponsePage.aspx?id=7WNIWshA1U-CmPv9t_EwldIlJ4STuHhIrM1dguipXz1UMFZXQTkwNzAyRFlOQ1dXQkRZSFk4MzlNQy4u&#038;embed=true\" frameborder=\"0\" marginwidth=\"0\" marginheight=\"0\" style=\"border: none; max-width:100%; max-height:100vh\" allowfullscreen webkitallowfullscreen mozallowfullscreen msallowfullscreen> <\/iframe>\n<\/div>\n\n\n\n<div class=\"wp-block-column is-layout-flow wp-block-column-is-layout-flow\"><\/div>\n<\/div>\n\n\n\n<p><\/p>\n","protected":false},"excerpt":{"rendered":"<p>Van egy \u00f6tleted? Vagy csak tiszt\u00e1bban szeretn\u00e9d l\u00e1tni a k\u00f6vetkez\u0151 l\u00e9p\u00e9seket? A Babe\u0219\u2013Bolyai Tudom\u00e1nyegyetem V\u00e1llalkoz\u00e1si K\u00f6zpontj\u00e1ban nyitott ajt\u00f3val \u00e9s napirattal v\u00e1runk egy \u0151szinte, gyakorlati \u00e9s szem\u00e9lyes besz\u00e9lget\u00e9sre a v\u00e1llalkoz\u00f3i j\u00f6v\u0151dr\u0151l. \ud83d\udccd Harmadik emelet, Jogtudom\u00e1nyi Kar, 316-os szoba. Seg\u00edts\u00e9get, ir\u00e1nymutat\u00e1st \u00e9s testreszabott forr\u00e1sokat k\u00edn\u00e1lunk, ak\u00e1r most indulsz el, ak\u00e1r m\u00e1r dolgozol az \u00f6tleteden. \u2615 Gyere el [&hellip;]<\/p>\n","protected":false},"author":1,"featured_media":0,"parent":0,"menu_order":0,"comment_status":"closed","ping_status":"closed","template":"elementor_header_footer","meta":{"footnotes":""},"class_list":["post-1282","page","type-page","status-publish","hentry","entry"],"yoast_head":"<!-- This site is optimized with the Yoast SEO plugin v25.7 - https:\/\/yoast.com\/wordpress\/plugins\/seo\/ -->\n<title>Besz\u00e9lgess\u00fcnk az \u00f6tletedr\u0151l! - Centrul de Antreprenoriat\u00a0UBB<\/title>\n<meta name=\"robots\" content=\"index, follow, max-snippet:-1, max-image-preview:large, max-video-preview:-1\" \/>\n<link rel=\"canonical\" href=\"https:\/\/entrepreneurship.centre.ubbcluj.ro\/?page_id=1282&lang=hu\" \/>\n<meta property=\"og:locale\" content=\"en_US\" \/>\n<meta property=\"og:type\" content=\"article\" \/>\n<meta property=\"og:title\" content=\"Besz\u00e9lgess\u00fcnk az \u00f6tletedr\u0151l! - Centrul de Antreprenoriat\u00a0UBB\" \/>\n<meta property=\"og:description\" content=\"Van egy \u00f6tleted? Vagy csak tiszt\u00e1bban szeretn\u00e9d l\u00e1tni a k\u00f6vetkez\u0151 l\u00e9p\u00e9seket? A Babe\u0219\u2013Bolyai Tudom\u00e1nyegyetem V\u00e1llalkoz\u00e1si K\u00f6zpontj\u00e1ban nyitott ajt\u00f3val \u00e9s napirattal v\u00e1runk egy \u0151szinte, gyakorlati \u00e9s szem\u00e9lyes besz\u00e9lget\u00e9sre a v\u00e1llalkoz\u00f3i j\u00f6v\u0151dr\u0151l. \ud83d\udccd Harmadik emelet, Jogtudom\u00e1nyi Kar, 316-os szoba. Seg\u00edts\u00e9get, ir\u00e1nymutat\u00e1st \u00e9s testreszabott forr\u00e1sokat k\u00edn\u00e1lunk, ak\u00e1r most indulsz el, ak\u00e1r m\u00e1r dolgozol az \u00f6tleteden. \u2615 Gyere el [&hellip;]\" \/>\n<meta property=\"og:url\" content=\"https:\/\/entrepreneurship.centre.ubbcluj.ro\/?page_id=1282&amp;lang=hu\" \/>\n<meta property=\"og:site_name\" content=\"Centrul de Antreprenoriat\u00a0UBB\" \/>\n<meta property=\"article:modified_time\" content=\"2025-09-12T06:33:08+00:00\" \/>\n<meta property=\"og:image\" content=\"https:\/\/entrepreneurship.centre.ubbcluj.ro\/wp-content\/uploads\/2025\/07\/depositphotos_23185896-stock-photo-handshake-hand-holding-on-black.webp\" \/>\n\t<meta property=\"og:image:width\" content=\"600\" \/>\n\t<meta property=\"og:image:height\" content=\"400\" \/>\n\t<meta property=\"og:image:type\" content=\"image\/webp\" \/>\n<meta name=\"twitter:card\" content=\"summary_large_image\" \/>\n<meta name=\"twitter:label1\" content=\"Est. reading time\" \/>\n\t<meta name=\"twitter:data1\" content=\"1 minute\" \/>\n<script type=\"application\/ld+json\" class=\"yoast-schema-graph\">{\"@context\":\"https:\/\/schema.org\",\"@graph\":[{\"@type\":\"WebPage\",\"@id\":\"https:\/\/entrepreneurship.centre.ubbcluj.ro\/?page_id=1282&lang=hu\",\"url\":\"https:\/\/entrepreneurship.centre.ubbcluj.ro\/?page_id=1282&lang=hu\",\"name\":\"Besz\u00e9lgess\u00fcnk az \u00f6tletedr\u0151l! - Centrul de Antreprenoriat\u00a0UBB\",\"isPartOf\":{\"@id\":\"https:\/\/entrepreneurship.centre.ubbcluj.ro\/#website\"},\"primaryImageOfPage\":{\"@id\":\"https:\/\/entrepreneurship.centre.ubbcluj.ro\/?page_id=1282&lang=hu#primaryimage\"},\"image\":{\"@id\":\"https:\/\/entrepreneurship.centre.ubbcluj.ro\/?page_id=1282&lang=hu#primaryimage\"},\"thumbnailUrl\":\"https:\/\/entrepreneurship.centre.ubbcluj.ro\/wp-content\/uploads\/2025\/07\/depositphotos_23185896-stock-photo-handshake-hand-holding-on-black.webp\",\"datePublished\":\"2025-07-14T09:19:09+00:00\",\"dateModified\":\"2025-09-12T06:33:08+00:00\",\"breadcrumb\":{\"@id\":\"https:\/\/entrepreneurship.centre.ubbcluj.ro\/?page_id=1282&lang=hu#breadcrumb\"},\"inLanguage\":\"en-US\",\"potentialAction\":[{\"@type\":\"ReadAction\",\"target\":[\"https:\/\/entrepreneurship.centre.ubbcluj.ro\/?page_id=1282&lang=hu\"]}]},{\"@type\":\"ImageObject\",\"inLanguage\":\"en-US\",\"@id\":\"https:\/\/entrepreneurship.centre.ubbcluj.ro\/?page_id=1282&lang=hu#primaryimage\",\"url\":\"https:\/\/entrepreneurship.centre.ubbcluj.ro\/wp-content\/uploads\/2025\/07\/depositphotos_23185896-stock-photo-handshake-hand-holding-on-black.webp\",\"contentUrl\":\"https:\/\/entrepreneurship.centre.ubbcluj.ro\/wp-content\/uploads\/2025\/07\/depositphotos_23185896-stock-photo-handshake-hand-holding-on-black.webp\",\"width\":600,\"height\":400},{\"@type\":\"BreadcrumbList\",\"@id\":\"https:\/\/entrepreneurship.centre.ubbcluj.ro\/?page_id=1282&lang=hu#breadcrumb\",\"itemListElement\":[{\"@type\":\"ListItem\",\"position\":1,\"name\":\"Home\",\"item\":\"https:\/\/entrepreneurship.centre.ubbcluj.ro\/\"},{\"@type\":\"ListItem\",\"position\":2,\"name\":\"Besz\u00e9lgess\u00fcnk az \u00f6tletedr\u0151l!\"}]},{\"@type\":\"WebSite\",\"@id\":\"https:\/\/entrepreneurship.centre.ubbcluj.ro\/#website\",\"url\":\"https:\/\/entrepreneurship.centre.ubbcluj.ro\/\",\"name\":\"Centrul de Antreprenoriat\u00a0UBB\",\"description\":\"\",\"publisher\":{\"@id\":\"https:\/\/entrepreneurship.centre.ubbcluj.ro\/#organization\"},\"potentialAction\":[{\"@type\":\"SearchAction\",\"target\":{\"@type\":\"EntryPoint\",\"urlTemplate\":\"https:\/\/entrepreneurship.centre.ubbcluj.ro\/?s={search_term_string}\"},\"query-input\":{\"@type\":\"PropertyValueSpecification\",\"valueRequired\":true,\"valueName\":\"search_term_string\"}}],\"inLanguage\":\"en-US\"},{\"@type\":\"Organization\",\"@id\":\"https:\/\/entrepreneurship.centre.ubbcluj.ro\/#organization\",\"name\":\"Centrul de Antreprenoriat\u00a0UBB\",\"url\":\"https:\/\/entrepreneurship.centre.ubbcluj.ro\/\",\"logo\":{\"@type\":\"ImageObject\",\"inLanguage\":\"en-US\",\"@id\":\"https:\/\/entrepreneurship.centre.ubbcluj.ro\/#\/schema\/logo\/image\/\",\"url\":\"https:\/\/entrepreneurship.centre.ubbcluj.ro\/wp-content\/uploads\/2025\/05\/CdA-LOGO-RO.png\",\"contentUrl\":\"https:\/\/entrepreneurship.centre.ubbcluj.ro\/wp-content\/uploads\/2025\/05\/CdA-LOGO-RO.png\",\"width\":1563,\"height\":482,\"caption\":\"Centrul de Antreprenoriat\u00a0UBB\"},\"image\":{\"@id\":\"https:\/\/entrepreneurship.centre.ubbcluj.ro\/#\/schema\/logo\/image\/\"}}]}<\/script>\n<!-- \/ Yoast SEO plugin. -->","yoast_head_json":{"title":"Besz\u00e9lgess\u00fcnk az \u00f6tletedr\u0151l! - Centrul de Antreprenoriat\u00a0UBB","robots":{"index":"index","follow":"follow","max-snippet":"max-snippet:-1","max-image-preview":"max-image-preview:large","max-video-preview":"max-video-preview:-1"},"canonical":"https:\/\/entrepreneurship.centre.ubbcluj.ro\/?page_id=1282&lang=hu","og_locale":"en_US","og_type":"article","og_title":"Besz\u00e9lgess\u00fcnk az \u00f6tletedr\u0151l! - Centrul de Antreprenoriat\u00a0UBB","og_description":"Van egy \u00f6tleted? Vagy csak tiszt\u00e1bban szeretn\u00e9d l\u00e1tni a k\u00f6vetkez\u0151 l\u00e9p\u00e9seket? A Babe\u0219\u2013Bolyai Tudom\u00e1nyegyetem V\u00e1llalkoz\u00e1si K\u00f6zpontj\u00e1ban nyitott ajt\u00f3val \u00e9s napirattal v\u00e1runk egy \u0151szinte, gyakorlati \u00e9s szem\u00e9lyes besz\u00e9lget\u00e9sre a v\u00e1llalkoz\u00f3i j\u00f6v\u0151dr\u0151l. \ud83d\udccd Harmadik emelet, Jogtudom\u00e1nyi Kar, 316-os szoba. Seg\u00edts\u00e9get, ir\u00e1nymutat\u00e1st \u00e9s testreszabott forr\u00e1sokat k\u00edn\u00e1lunk, ak\u00e1r most indulsz el, ak\u00e1r m\u00e1r dolgozol az \u00f6tleteden. \u2615 Gyere el [&hellip;]","og_url":"https:\/\/entrepreneurship.centre.ubbcluj.ro\/?page_id=1282&lang=hu","og_site_name":"Centrul de Antreprenoriat\u00a0UBB","article_modified_time":"2025-09-12T06:33:08+00:00","og_image":[{"width":600,"height":400,"url":"https:\/\/entrepreneurship.centre.ubbcluj.ro\/wp-content\/uploads\/2025\/07\/depositphotos_23185896-stock-photo-handshake-hand-holding-on-black.webp","type":"image\/webp"}],"twitter_card":"summary_large_image","twitter_misc":{"Est. reading time":"1 minute"},"schema":{"@context":"https:\/\/schema.org","@graph":[{"@type":"WebPage","@id":"https:\/\/entrepreneurship.centre.ubbcluj.ro\/?page_id=1282&lang=hu","url":"https:\/\/entrepreneurship.centre.ubbcluj.ro\/?page_id=1282&lang=hu","name":"Besz\u00e9lgess\u00fcnk az \u00f6tletedr\u0151l! - Centrul de Antreprenoriat\u00a0UBB","isPartOf":{"@id":"https:\/\/entrepreneurship.centre.ubbcluj.ro\/#website"},"primaryImageOfPage":{"@id":"https:\/\/entrepreneurship.centre.ubbcluj.ro\/?page_id=1282&lang=hu#primaryimage"},"image":{"@id":"https:\/\/entrepreneurship.centre.ubbcluj.ro\/?page_id=1282&lang=hu#primaryimage"},"thumbnailUrl":"https:\/\/entrepreneurship.centre.ubbcluj.ro\/wp-content\/uploads\/2025\/07\/depositphotos_23185896-stock-photo-handshake-hand-holding-on-black.webp","datePublished":"2025-07-14T09:19:09+00:00","dateModified":"2025-09-12T06:33:08+00:00","breadcrumb":{"@id":"https:\/\/entrepreneurship.centre.ubbcluj.ro\/?page_id=1282&lang=hu#breadcrumb"},"inLanguage":"en-US","potentialAction":[{"@type":"ReadAction","target":["https:\/\/entrepreneurship.centre.ubbcluj.ro\/?page_id=1282&lang=hu"]}]},{"@type":"ImageObject","inLanguage":"en-US","@id":"https:\/\/entrepreneurship.centre.ubbcluj.ro\/?page_id=1282&lang=hu#primaryimage","url":"https:\/\/entrepreneurship.centre.ubbcluj.ro\/wp-content\/uploads\/2025\/07\/depositphotos_23185896-stock-photo-handshake-hand-holding-on-black.webp","contentUrl":"https:\/\/entrepreneurship.centre.ubbcluj.ro\/wp-content\/uploads\/2025\/07\/depositphotos_23185896-stock-photo-handshake-hand-holding-on-black.webp","width":600,"height":400},{"@type":"BreadcrumbList","@id":"https:\/\/entrepreneurship.centre.ubbcluj.ro\/?page_id=1282&lang=hu#breadcrumb","itemListElement":[{"@type":"ListItem","position":1,"name":"Home","item":"https:\/\/entrepreneurship.centre.ubbcluj.ro\/"},{"@type":"ListItem","position":2,"name":"Besz\u00e9lgess\u00fcnk az \u00f6tletedr\u0151l!"}]},{"@type":"WebSite","@id":"https:\/\/entrepreneurship.centre.ubbcluj.ro\/#website","url":"https:\/\/entrepreneurship.centre.ubbcluj.ro\/","name":"Centrul de Antreprenoriat\u00a0UBB","description":"","publisher":{"@id":"https:\/\/entrepreneurship.centre.ubbcluj.ro\/#organization"},"potentialAction":[{"@type":"SearchAction","target":{"@type":"EntryPoint","urlTemplate":"https:\/\/entrepreneurship.centre.ubbcluj.ro\/?s={search_term_string}"},"query-input":{"@type":"PropertyValueSpecification","valueRequired":true,"valueName":"search_term_string"}}],"inLanguage":"en-US"},{"@type":"Organization","@id":"https:\/\/entrepreneurship.centre.ubbcluj.ro\/#organization","name":"Centrul de Antreprenoriat\u00a0UBB","url":"https:\/\/entrepreneurship.centre.ubbcluj.ro\/","logo":{"@type":"ImageObject","inLanguage":"en-US","@id":"https:\/\/entrepreneurship.centre.ubbcluj.ro\/#\/schema\/logo\/image\/","url":"https:\/\/entrepreneurship.centre.ubbcluj.ro\/wp-content\/uploads\/2025\/05\/CdA-LOGO-RO.png","contentUrl":"https:\/\/entrepreneurship.centre.ubbcluj.ro\/wp-content\/uploads\/2025\/05\/CdA-LOGO-RO.png","width":1563,"height":482,"caption":"Centrul de Antreprenoriat\u00a0UBB"},"image":{"@id":"https:\/\/entrepreneurship.centre.ubbcluj.ro\/#\/schema\/logo\/image\/"}}]}},"rttpg_featured_image_url":null,"rttpg_author":{"display_name":"centru_antreprenor","author_link":"https:\/\/entrepreneurship.centre.ubbcluj.ro\/?author=1"},"rttpg_comment":0,"rttpg_category":" <a href=\"https:\/\/entrepreneurship.centre.ubbcluj.ro\/?lang=hu\" rel=\"tag\">Magyar<\/a>","rttpg_excerpt":"Van egy \u00f6tleted? Vagy csak tiszt\u00e1bban szeretn\u00e9d l\u00e1tni a k\u00f6vetkez\u0151 l\u00e9p\u00e9seket? A Babe\u0219\u2013Bolyai Tudom\u00e1nyegyetem V\u00e1llalkoz\u00e1si K\u00f6zpontj\u00e1ban nyitott ajt\u00f3val \u00e9s napirattal v\u00e1runk egy \u0151szinte, gyakorlati \u00e9s szem\u00e9lyes besz\u00e9lget\u00e9sre a v\u00e1llalkoz\u00f3i j\u00f6v\u0151dr\u0151l. \ud83d\udccd Harmadik emelet, Jogtudom\u00e1nyi Kar, 316-os szoba. Seg\u00edts\u00e9get, ir\u00e1nymutat\u00e1st \u00e9s testreszabott forr\u00e1sokat k\u00edn\u00e1lunk, ak\u00e1r most indulsz el, ak\u00e1r m\u00e1r dolgozol az \u00f6tleteden. \u2615 Gyere el&hellip;","_links":{"self":[{"href":"https:\/\/entrepreneurship.centre.ubbcluj.ro\/index.php?rest_route=\/wp\/v2\/pages\/1282","targetHints":{"allow":["GET"]}}],"collection":[{"href":"https:\/\/entrepreneurship.centre.ubbcluj.ro\/index.php?rest_route=\/wp\/v2\/pages"}],"about":[{"href":"https:\/\/entrepreneurship.centre.ubbcluj.ro\/index.php?rest_route=\/wp\/v2\/types\/page"}],"author":[{"embeddable":true,"href":"https:\/\/entrepreneurship.centre.ubbcluj.ro\/index.php?rest_route=\/wp\/v2\/users\/1"}],"replies":[{"embeddable":true,"href":"https:\/\/entrepreneurship.centre.ubbcluj.ro\/index.php?rest_route=%2Fwp%2Fv2%2Fcomments&post=1282"}],"version-history":[{"count":8,"href":"https:\/\/entrepreneurship.centre.ubbcluj.ro\/index.php?rest_route=\/wp\/v2\/pages\/1282\/revisions"}],"predecessor-version":[{"id":1971,"href":"https:\/\/entrepreneurship.centre.ubbcluj.ro\/index.php?rest_route=\/wp\/v2\/pages\/1282\/revisions\/1971"}],"wp:attachment":[{"href":"https:\/\/entrepreneurship.centre.ubbcluj.ro\/index.php?rest_route=%2Fwp%2Fv2%2Fmedia&parent=1282"}],"curies":[{"name":"wp","href":"https:\/\/api.w.org\/{rel}","templated":true}]}}